{"id":84,"date":"2020-07-07T12:09:23","date_gmt":"2020-07-07T15:09:23","guid":{"rendered":"https:\/\/transito.riohurtado.cl\/?page_id=84"},"modified":"2025-08-18T14:32:46","modified_gmt":"2025-08-18T17:32:46","slug":"ley-18-440-vehiculos-fuera-de-circulacion","status":"publish","type":"page","link":"https:\/\/transito.riohurtado.cl\/?page_id=84","title":{"rendered":"Ley 18.440 &#8211; Veh\u00edculos fuera de Circulaci\u00f3n"},"content":{"rendered":"\t\t<div data-elementor-type=\"wp-page\" data-elementor-id=\"84\" class=\"elementor elementor-84\">\n\t\t\t\t\t\t<section class=\"elementor-section elementor-top-section elementor-element elementor-element-7cae91d elementor-section-boxed elementor-section-height-default elementor-section-height-default\" data-id=\"7cae91d\" data-element_type=\"section\" data-e-type=\"section\">\n\t\t\t\t\t\t<div class=\"elementor-container elementor-column-gap-default\">\n\t\t\t\t\t<div class=\"elementor-column elementor-col-100 elementor-top-column elementor-element elementor-element-d4d790f\" data-id=\"d4d790f\" data-element_type=\"column\" data-e-type=\"column\">\n\t\t\t<div class=\"elementor-widget-wrap elementor-element-populated\">\n\t\t\t\t\t\t<div class=\"elementor-element elementor-element-563aaff elementor-widget elementor-widget-toggle\" data-id=\"563aaff\" data-element_type=\"widget\" data-e-type=\"widget\" data-widget_type=\"toggle.default\">\n\t\t\t\t<div class=\"elementor-widget-container\">\n\t\t\t\t\t\t\t<div class=\"elementor-toggle\">\n\t\t\t\t\t\t\t<div class=\"elementor-toggle-item\">\n\t\t\t\t\t<div id=\"elementor-tab-title-9041\" class=\"elementor-tab-title\" data-tab=\"1\" role=\"button\" aria-controls=\"elementor-tab-content-9041\" aria-expanded=\"false\">\n\t\t\t\t\t\t\t\t\t\t\t\t<span class=\"elementor-toggle-icon elementor-toggle-icon-left\" aria-hidden=\"true\">\n\t\t\t\t\t\t\t\t\t\t\t\t\t\t\t<span class=\"elementor-toggle-icon-closed\"><i class=\"fas fa-caret-right\"><\/i><\/span>\n\t\t\t\t\t\t\t\t<span class=\"elementor-toggle-icon-opened\"><i class=\"elementor-toggle-icon-opened fas fa-caret-up\"><\/i><\/span>\n\t\t\t\t\t\t\t\t\t\t\t\t\t<\/span>\n\t\t\t\t\t\t\t\t\t\t\t\t<a class=\"elementor-toggle-title\" tabindex=\"0\">Informaci\u00f3n sobre Ley 18.440<\/a>\n\t\t\t\t\t<\/div>\n\n\t\t\t\t\t<div id=\"elementor-tab-content-9041\" class=\"elementor-tab-content elementor-clearfix\" data-tab=\"1\" role=\"region\" aria-labelledby=\"elementor-tab-title-9041\"><p>Estimado Contribuyente: Si ud. tiene un veh\u00edculo fuera de Circulaci\u00f3n, puede acogerse a la Ley 18.440.<\/p><p>Para acogerse a esta Ley en la Ilustre Municipalidad de R\u00edo Hurtado, debe cumplir con los siguientes requisitos:<\/p><ul><li style=\"list-style-type: none;\"><ul><li style=\"list-style-type: none;\"><ul><li>Su permiso debe pertenecer al Registro Comunal de Permisos de Circulaci\u00f3n de esta comuna, es decir, haber pagado su \u00faltimo permiso de circulaci\u00f3n en R\u00edo Hurtado.<\/li><li>Presentar Declaraci\u00f3n Jurada Simple en la Direcci\u00f3n de Tr\u00e1nsito y Transporte P\u00fablico; formulario que puede retirar en nuestras oficinas, o descargarla desde <strong><a href=\"https:\/\/transito.riohurtado.cl\/wp-content\/uploads\/2025\/08\/FORMATO_DECLARACION18440-2.pdf\" target=\"_blank\" rel=\"noopener\">aqu\u00ed<\/a> <a href=\"https:\/\/transito.riohurtado.cl\/wp-content\/uploads\/2025\/08\/FORMATO_DECLARACION18440-2.pdf\" target=\"_blank\" rel=\"noopener\">Declaraci\u00f3n Jurada.<\/a><\/strong><\/li><li><strong>Plazo de presentaci\u00f3n, hasta el 30 de Noviembre del a\u00f1o al que corresponde pagar el impuesto.<\/strong><\/li><\/ul><\/li><\/ul><\/li><\/ul><\/div>\n\t\t\t\t<\/div>\n\t\t\t\t\t\t\t\t<\/div>\n\t\t\t\t\t\t<\/div>\n\t\t\t\t<\/div>\n\t\t\t\t\t<\/div>\n\t\t<\/div>\n\t\t\t\t\t<\/div>\n\t\t<\/section>\n\t\t\t\t<\/div>\n\t\t","protected":false},"excerpt":{"rendered":"<p>Informaci\u00f3n sobre Ley 18.440 Estimado Contribuyente: Si ud. tiene un veh\u00edculo fuera de Circulaci\u00f3n, puede acogerse a la Ley 18.440. Para acogerse a esta Ley en la Ilustre Municipalidad de R\u00edo Hurtado, debe cumplir con los siguientes requisitos: Su permiso debe pertenecer al Registro Comunal de Permisos de Circulaci\u00f3n de esta comuna, es decir, haber [&hellip;]<\/p>\n","protected":false},"author":1,"featured_media":0,"parent":0,"menu_order":0,"comment_status":"closed","ping_status":"closed","template":"","meta":{"footnotes":""},"class_list":["post-84","page","type-page","status-publish","hentry"],"_links":{"self":[{"href":"https:\/\/transito.riohurtado.cl\/index.php?rest_route=\/wp\/v2\/pages\/84","targetHints":{"allow":["GET"]}}],"collection":[{"href":"https:\/\/transito.riohurtado.cl\/index.php?rest_route=\/wp\/v2\/pages"}],"about":[{"href":"https:\/\/transito.riohurtado.cl\/index.php?rest_route=\/wp\/v2\/types\/page"}],"author":[{"embeddable":true,"href":"https:\/\/transito.riohurtado.cl\/index.php?rest_route=\/wp\/v2\/users\/1"}],"replies":[{"embeddable":true,"href":"https:\/\/transito.riohurtado.cl\/index.php?rest_route=%2Fwp%2Fv2%2Fcomments&post=84"}],"version-history":[{"count":13,"href":"https:\/\/transito.riohurtado.cl\/index.php?rest_route=\/wp\/v2\/pages\/84\/revisions"}],"predecessor-version":[{"id":269,"href":"https:\/\/transito.riohurtado.cl\/index.php?rest_route=\/wp\/v2\/pages\/84\/revisions\/269"}],"wp:attachment":[{"href":"https:\/\/transito.riohurtado.cl\/index.php?rest_route=%2Fwp%2Fv2%2Fmedia&parent=84"}],"curies":[{"name":"wp","href":"https:\/\/api.w.org\/{rel}","templated":true}]}}